1100111110
Convert 2202102201 (base 3) to base 10.
54262
-1000101110111 (base 2) to base 13
-205c
What is 10111000011111 (base 2) in base 6?
130355
What is 3bca (base 13) in base 3?
102211010
Convert -2209 (base 11) to base 12.
-1829
Convert -4469 (base 14) to base 13.
-551a
Convert -1010301 (base 4) to base 8.
-10461
What is -bcb (base 16) in base 5?
-44034
Convert 101001011 (base 2) to base 13.
1c6
What is -4508 (base 10) in base 5?
-121013
Convert 53564 (base 10) to base 11.
37275
2115 (base 12) to base 9
4858
What is -50425 (base 7) in base 3?
-121202121
Convert -142 (base 14) to base 4.
-3332
-4716 (base 8) to base 2
-100111001110
Convert 36556 (base 7) to base 2.
10010101001011
Convert -244003 (base 5) to base 10.
-9253
What is -24626 (base 7) in base 14?
-2516
Convert -741 (base 9) to base 7.
-1522
What is -741 (base 8) in base 2?
-111100001
What is -1723 (base 14) in base 15?
-1367
What is -11589 (base 14) in base 15?
-c7c6
-2c8 (base 16) to base 8
-1310
-40013 (base 5) to base 12
-1550
Convert a1c (base 16) to base 10.
2588
What is -c08 (base 13) in base 5?
-31121
10011210 (base 4) to base 7
66543
Convert -22003 (base 5) to base 2.
-10111011111
Convert 1b45 (base 12) to base 6.
23325
What is -1113313 (base 4) in base 9?
-7637
Convert 121420 (base 5) to base 13.
2138
Convert 12430 (base 7) to base 6.
23144
What is 586 (base 11) in base 6?
3123
Convert -2325 (base 11) to base 14.
-1180
117 (base 12) to base 11
139
What is -102001 (base 3) in base 6?
-1214
Convert 4212 (base 5) to base 9.
678
-104663 (base 7) to base 15
-5748
210132 (base 5) to base 14
2741
What is 163 (base 12) in base 15?
e9
1426 (base 8) to base 16
316
Convert 42b0 (base 16) to base 6.
211012
Convert 38466 (base 9) to base 10.
25899
Convert -20 (base 16) to base 4.
-200
111000100000111 (base 2) to base 13
1022a
-492 (base 16) to base 15
-530
-6136 (base 7) to base 13
-c82
Convert 1001100110110 (base 2) to base 15.
16cd
6117 (base 16) to base 5
1243410
Convert -31647 (base 8) to base 2.
-11001110100111
12002011 (base 3) to base 2
111001110111
86d (base 15) to base 4
131233
Convert -8a45 (base 12) to base 15.
-4812
What is 20428 (base 10) in base 4?
10333030
154213 (base 6) to base 7
62214
Convert 1a860 (base 13) to base 5.
3130321
What is -231553 (base 6) in base 14?
-7353
What is 211111 (base 3) in base 5?
4412
-1012 (base 8) to base 14
-294
13213 (base 5) to base 15
4a8
Convert 24600 (base 11) to base 3.
1210110121
What is 4552 (base 8) in base 13?
1135
What is -1123330 (base 4) in base 10?
-5884
What is -1635 (base 8) in base 9?
-1237
Convert -31 (base 13) to base 9.
-44
Convert 660 (base 11) to base 2.
1100011000
-122021212 (base 3) to base 12
-7365
-10011001110 (base 2) to base 3
-1200120
What is -1068 (base 10) in base 2?
-10000101100
What is -3101 (base 6) in base 5?
-10220
Convert -882 (base 10) to base 6.
-4030
Convert -12223 (base 4) to base 11.
-359
Convert 60123 (base 8) to base 5.
1242114
105c6 (base 16) to base 2
10000010111000110
150504 (base 6) to base 9
21724
32010 (base 5) to base 16
852
Convert 1436 (base 11) to base 8.
3476
Convert -230031 (base 6) to base 14.
-713d
Convert 1290 (base 14) to base 10.
3262
Convert -21133 (base 4) to base 2.
-1001011111
1001010011 (base 2) to base 16
253
Convert 454106 (base 7) to base 10.
80660
-336 (base 15) to base 12
-506
What is 134031 (base 5) in base 12?
3238
What is 3414 (base 6) in base 13?
499
What is 77 (base 10) in base 13?
5c
What is 816 (base 9) in base 6?
3023
What is -253 (base 12) in base 10?
-351
What is 370 (base 13) in base 3?
211011
Convert 13213 (base 4) to base 15.
227
What is -660b (base 14) in base 13?
-805a
What is -48 (base 12) in base 4?
-320
Convert -1222233 (base 4) to base 9.
-10330
Convert -e60 (base 15) to base 3.
-11110000
What is 617 (base 13) in base 5?
13114
-12452 (base 12) to base 9
-37048
-955 (base 12) to base 15
-60b
What is 59253 (base 10) in base 13?
20c7c
393 (base 13) to base 15
2bc
Convert 485 (base 13) to base 14.
401
Convert 2100010211 (base 3) to base 9.
70124
48 (base 12) to base 10
56
What is -1100111101 (base 2) in base 9?
-1121
Convert 4033043 (base 5) to base 12.
31599
-1123221 (base 4) to base 5
-141430
Convert -13b3 (base 13) to base 8.
-5442
What is 2cc (base 14) in base 4?
20330
What is 11322 (base 4) in base 12?
276
What is -110111100110101 (base 2) in base 5?
-1402334
-464356 (base 7) to base 12
-4018a
2535 (base 9) to base 7
5345
What is -103213 (base 5) in base 8?
-6746
What is -3565 (base 12) in base 2?
-1011101011101
What is 23a7 (base 14) in base 16?
184f
Convert 278a (base 12) to base 11.
3485
What is -744 (base 9) in base 10?
-607
5642 (base 9) to base 3
12201102
Convert 3000 (base 4) to base 13.
11a
What is 2199 (base 12) in base 11?
287a
What is 257 (base 11) in base 13?
1a5
Convert 100210011 (base 3) to base 16.
1bdc
349 (base 14) to base 7
1622
551 (base 11) to base 15
2e1
Convert 2122201 (base 3) to base 15.
891
Convert -3101013 (base 4) to base 5.
-412013
What is -5a1 (base 16) in base 3?
-1222101
-1785 (base 11) to base 16
-8df
Convert 452 (base 10) to base 12.
318
Convert -321 (base 4) to base 6.
-133
What is 1ae (base 15) in base 7?
1064
Convert 800 (base 15) to base 6.
12200
a7ba (base 15) to base 12
18664
Convert -445330 (base 7) to base 11.
-5415a
2619 (base 16) to base 4
2120121
-13b8 (base 13) to base 5
-42410
What is 101011001100 (base 2) in base 10?
2764
Convert -5044 (base 13) to base 4.
-2230201
Convert -6141 (base 8) to base 7.
-12145
63603 (base 8) to base 6
322403
What is 2776 (base 8) in base 13?
910
Convert -111110101010 (base 2) to base 5.
-112020
Convert 1011210110 (base 3) to base 5.
1220203
Convert -1002 (base 6) to base 12.
-162
Convert 584 (base 9) to base 13.
2b0
Convert -5b96 (base 14) to base 3.
-210221220
3317 (base 13) to base 5
211433
Convert a6 (base 15) to base 5.
1111
4556 (base 9) to base 6
23340
81206 (base 9) to base 10
53385
432424 (base 5) to base 3
202012220
What is -14310 (base 5) in base 9?
-1578
-382 (base 14) to base 9
-860
What is -324 (base 8) in base 13?
-134
237 (base 9) to base 6
524
-199 (base 13) to base 5
-2140
Convert 10000100011001 (base 2) to base 14.
3133
What is 1c0 (base 16) in base 7?
1210
-2a0 (base 15) to base 6
-2440
-1a59 (base 11) to base 4
-220231
3776 (base 14) to base 6
112540
Convert -5000 (base 6) to base 7.
-3102
Convert 1120120110 (base 3) to base 6.
355403
What is -1b16 (base 14) in base 4?
-1030320
Convert -3a48 (base 12) to base 7.
-25322
Convert -2632 (base 7) to base 12.
-6b7
-1554 (base 9) to base 7
-3310
-237d (base 15) to base 13
-3583
Convert -100202122 (base 3) to base 4.
-1233032
13536 (base 9) to base 14
34c2
13310 (base 5) to base 4
100320
What is 1001000011010 (base 2) in base 8?
11032
What is 112452 (base 6) in base 10?
9680
Convert -2a89 (base 12) to base 6.
-35053
What is 515d (base 14) in base 10?
13999
-38811 (base 9) to base 15
-7b4d
What is -1ae (base 15) in base 11?
-324
-2 (base 15) to base 6
-2
What is 1657 (base 12) in base 9?
3574
What is -11213 (base 4) in base 10?
-359
What is -1330 (base 4) in base 13?
-97
461513 (base 7) to base 2
10100000100111000
What is -20275 (base 10) in base 2?
-100111100110011
-135465 (base 7) to base 5
-1312333
Convert 1112302 (base 5) to base 14.
7274
Convert -112dc (base 14) to base 6.
-521134
Convert 1968 (base 12) to base 15.
dbe
What is 309 (base 15) in base 2?
1010101100
Convert 680 (base 16) to base 2.
11010000000
-229 (base 13) to base 15
-19d
What is -72807 (base 9) in base 2?
-1011101110101000
-3553 (base 6) to base 4
-31131
af4d (base 16) to base 5
2414002
What is -304 (base 5) in base 8?
-117
Convert 13042 (base 7) to base 4.
312010
-11440 (base 5) to base 12
-606
Convert -39a7 (base 14) to base 8.
-23637
Convert 316 (base 12) to base 14.
242
Convert 122435 (base 6) to base 12.
641b
2434 (base 7) to base 2
1110001011
-3296 (base 16) to base 6
-135542
Convert -13102 (base 5) to base 3.
-1102001
What is -1123223 (base 5) in base 15?
-60c8
Convert 4ae1 (base 15) to base 13.
735a
Convert 101011010100 (base 2) to base 7.
11040
-13331 (base 4) to base 13
-302
Convert 1075 (base 10) to base 13.
649
What is 2031122 (base 4) in base 11?
6888
What is 1504 (base 6) in base 12?
294
What is -6783 (base 15) in base 3?
-1